/(-16))/((-1)/6). Let d = -15 + h. Let m(w) = 2*w**2 - 12*w + 6. What is the remainder when 15 is divided by m(d)?
3
Let t(d) be the second derivative of -19*d**3/2 + 29*d**2/2 - 70*d. What is the remainder when t(-4) is divided by 29?
25
Calculate the remainder when 30/36*-56*-12 is divided by 75.
35
What is the remainder when 722 is divided by 6/(-39) - (-738720)/2080?
12
Let f(x) be the first derivative of 4*x**3 - 29*x**2/2 + 5*x - 244. Calculate the remainder when 389 is divided by f(3).
25
Let u be (-1*10)/((-29)/464). Suppose 153 = -7*i + u. Calculate the remainder when 7 is divided by i.
0
Let t = -23 + 42. Let m = -7755 - -7766. What is the remainder when t is divided by m?
8
Let x(p) = 2*p**2 + 18*p + 46. Let a(n) = -2*n**2 - 19*n - 46. Let z(y) = 3*a(y) + 4*x(y). What is the remainder when z(-6) is divided by 3?
1
Suppose 2*a - 5 = 2*r + 17, -4*r - 16 = 0. Let s(v) = 6 - 90 + a - 4*v. Calculate the remainder when 18 is divided by s(-22).
7
Let x = 268 - 171. What is the remainder when x is divided by (2*33)/(3/(6/4))?
31
Let k(c) = 213*c + 2674. Calculate the remainder when 1525 is divided by k(-12).
109
Let d = 901 + -907. Let n(j) = -5*j**2 + 4*j - 2*j**2 - 13*j - j**3 + 1. Calculate the remainder when n(d) is divided by 10.
9
Let z = 68 + -65. Suppose 5*s + 688 = -2*c, -z*s - 420 = 2*c + c. Calculate the remainder when -2 - s - (-7 + 9) is divided by 19.
18
Let w(o) = -34*o**3 - o**2 - o. Let d be w(-1). Let y = 329 + -348. Let c = y + d. What is the remainder when 89 is divided by c?
14
What is the remainder when ((-900025)/777)/((-5)/42) is divided by 37?
36
Suppose 0 = 23*k - 1233 - 1569 - 2235. Calculate the remainder when k is divided by 9.
3
Let r(z) = 513*z - 8706. Calculate the remainder when 795 is divided by r(17).
0
Let b(f) = 116*f**2 + 665*f - 12. Calculate the remainder when b(-6) is divided by 4.
2
Let r(k) = -101*k. Let j be 21/(-7) + 10/2. Let g be 5 - ((3 - j) + 5). What is the remainder when r(g) is divided by 34?
33
Let o = -14 + 18. Let r be (-2)/o + (-174)/(-12). Suppose -4*b + 4*j = -60, -2*b - 2*j + r = -0*j. What is the remainder when 21 is divided by b?
10
Suppose -8*d - 2*m = -3*d - 396, -2*d - 4*m = -168. What is the remainder when 698 is divided by d?
74
Let t(k) = 7*k**2 - k + 2. Suppose -13*a - 1673 + 5469 = 0. Let x = a - 184. What is the remainder when x is divided by t(2)?
24
Suppose 4*h + 1061 = 4*r - 759, -r - 5*h = -461. Suppose 2*m - 96 = 3*q, 0 = m - 0*m - 5*q - 41. Calculate the remainder when r is divided by m.
48
Let o = 78 - 76. Suppose -33 = -3*u + 5*h, o*u = 3*u + 2*h. Calculate the remainder when 111 is divided by u.
3
Suppose -5*t + t + 4*w + 8 = 0, t - 2 = -4*w. Suppose t*m + 62 - 86 = 0. Suppose -f - 1144 = -m*f. What is the remainder when f is divided by 21?
20
Suppose -21*j + 9 = -1188. Suppose -3*a + 5*b = -1128, b + 1128 = -j*a + 60*a. What is the remainder when a is divided by 54?
52
Let t(d) = d**3 - 21*d**2 - 21*d - 18. Let j be t(22). Suppose 5*g + 29 = o, 3*o + j*g = 7*g + 63. Calculate the remainder when o is divided by 13.
6
Let s be -1 + -81 + 7 - 0. What is the remainder when 109/2 - s/(-30) is divided by 19?
14
Suppose 0 = x - 48 + 9. Let c(b) = b**2 + 319*b + 19540. What is the remainder when c(-82) is divided by x?
28
Let j = 52 - 30. Let m = 1717 - 1630. What is the remainder when m is divided by j?
21
Let a(b) = 11*b + 7. What is the remainder when a(1) is divided by ((-8)/22)/(14/(-231))?
0
Let k(l) = 4*l**2 - 103*l - 901. What is the remainder when k(-8) is divided by 5?
4
Suppose -p - 32*a - 3 = -35*a, 19 = 3*p - 2*a. Calculate the remainder when 637 is divided by p.
7
Let b = -41 + 46. Calculate the remainder when 42 + (-2)/(b + -3 - 0) is divided by 6/4*56/12.
6
Suppose z = 10*k + 5*z - 1310, 2*k - z - 253 = 0. Calculate the remainder when k is divided by 34.
27
Suppose 80*h - 110*h = 7361 - 58481. What is the remainder when h is divided by 285?
279
Let z = 5924 + -5596. What is the remainder when z is divided by 115?
98
Let h(k) = 6*k**2 - 22*k + 59. Calculate the remainder when 1948 is divided by h(3).
21
Suppose y - 3*t + 84 = 0, -5*t + 34 = 5*y + 374. Let r = y + 43. Let n = -17 - r. Calculate the remainder when 83 is divided by n.
11
Let f = -152 + 370. Suppose 3*h - 2*n = 47, -5*h - 3*n + 61 = -2*n. What is the remainder when f is divided by h?
10
Let c be ((-3)/1)/(0 - (-15)/(-25)). Suppose n - c*v + 3*v = 21, v - 35 = -3*n. Let l(y) = 5*y**3 - y**2 - 2. What is the remainder when l(2) is divided by n?
8
Let b(x) = 76*x + 8360. What is the remainder when 483 is divided by b(-108)?
27
Suppose -3*w = -4*r + r - 36, 0 = -w + 3*r + 14. Suppose 24 = -7*j + 164. Calculate the remainder when j is divided by w.
9
Let j(w) = -7*w + 36. Suppose 0 = x + 3*x + 5*f - 24, 3*x - 4*f - 18 = 0. Let i be j(x). What is the remainder when 27 is divided by (-100)/i - (-22)/(-33)?
11
What is the remainder when 4 + (9 - -91) + 2 is divided by 11?
7
Suppose -3*v + 1090 = -2*h, -v - 40*h + 38*h + 366 = 0. What is the remainder when v is divided by 50?
14
What is the remainder when ((-3)/(-4))/((-67658)/33832 + (100 - 98)) is divided by 45?
44
Suppose 0*h - 2*h - c = -17, 4*c + 16 = 4*h. What is the remainder when -2*78/6*(-1054)/124 is divided by h?
4
Let p = -269 - -275. Suppose 42 = 12*h - p*h. What is the remainder when 7 is divided by h?
0
Suppose -5*l - 3*p + 567 = -885, 0 = 3*l + 5*p - 852. Calculate the remainder when l is divided by 83.
45
What is the remainder when -961*(8 + 10 + -15)*2/(-6) is divided by 11?
4
Let b(u) = -u**3 + 94*u**2 + 395*u - 278. Calculate the remainder when 294 is divided by b(98).
6
Suppose 2*a + 4 = 3*a, 5*a = -5*n + 6540. Calculate the remainder when n is divided by 9.
8
Suppose 2 - 353 = -415*u + 402*u. Calculate the remainder when 219 is divided by u.
3
Suppose 0 = -5*g + 20, 0 = 5*p - 3*g - 3025 + 307. What is the remainder when p is divided by 25?
21
Suppose -302 - 106 = -4*v. Calculate the remainder when v is divided by 28.
18
Let v(a) = 60*a**2 + 25*a - 42. Calculate the remainder when v(2) is divided by 10.
8
Let o(c) = c + 12. Let r = 43 + -39. Calculate the remainder when 6/r*(186/18 - -5) is divided by o(-6).
5
Suppose q = 2*q + 155. Let b = q + 168. What is the remainder when 43 is divided by b?
4
What is the remainder when (-1 - 933)/(-16 - (-224)/16) is divided by 55?
27
Let n(f) = -13*f - 12. Let w be n(-2). Let x = w + 29. Calculate the remainder when 300 is divided by x.
42
Let i = -11353 - -11387. What is the remainder when 395 is divided by i?
21
Let q = -22980 + 23004. Calculate the remainder when 1267 is divided by q.
19
Suppose 3*x - 8*x = -5*h + 530, -h = 2*x + 206. What is the remainder when 44 is divided by (-26)/x + (-91)/(-4)?
21
Suppose 12*g - 380 = -2*o + 8*g, -6*g = -3*o + 618. What is the remainder when 987 is divided by o?
195
Let v = -17 + 38. What is the remainder when v is divided by (1/(-4) - 4164/(-528)) + (-8)/(-22)?
5
Suppose -6*w + 23 + 7 = 0. Suppose 497 = w*m - 148. What is the remainder when m is divided by 33?
30
Suppose -37 = -2*d - 5*p + 143, -4*d = -p - 382. Suppose 0 = 3*z + 5*o - 93, -4*z + o + 2*o + d = 0. What is the remainder when 648 is divided by z?
24
Suppose -v + 13*m = 10*m - 16, 120 = 4*v + 2*m. Let c(t) = -15*t - 74. Calculate the remainder when v is divided by c(-6).
12
Let f(c) = -2*c**3 - 24*c**2 + 25*c + 239. Calculate the remainder when 1350 is divided by f(-14).
4
Suppose -5*a + 4*y + 4486 = 0, 41*y = 38*y - 12. Calculate the remainder when a is divided by 21.
12
What is the remainder when 3 + -5 - (-132 - 1) is divided by (1*44)/((-652)/(-815))?
21
Let s(i) = -12*i - 3. Let r(y) = -y**2 + 22*y - 1. Let k be r(22). What is the remainder when ((-17)/2)/((-5)/20) is divided by s(k)?
7
Suppose 5*o = 2*i + 2188, 2*o + 0*i = 2*i + 874. Let a = -335 + o. What is the remainder when a is divided by 53?
50
Let a(h) = h**3 - 35*h**2 + 66*h - 150. Calculate the remainder when a(34) is divided by 4.
2
Suppose 2*r = -0*r + 106. Let m(o) = -o**3 + 4*o**2 - 3 + 2*o**3 - 563*o + 571*o. Calculate the remainder when m(5) is divided by r.
50
Suppose -3*a - p + 8 = -0*a, 0 = 2*a + p - 4. Suppose -a*o = u - 129, -414 = -3*u - 2*o - o. What is the remainder when u is divided by 72?
69
Suppose 0*